f - 3. Let u be v(-5). Let c(n) = -2*n - 4. Let m be c(-9). Calculate the greatest common divisor of m and u.
7
Suppose 57 = 5*s - y, -48 = -4*s + 2*y - 0*y. What is the highest common divisor of 99 and s?
11
Let s be (-4)/(-8) + 190/4. Let z be 31 + 1 - (0 - 0). What is the greatest common divisor of s and z?
16
Let i be 184/(-10) + (-3)/5. Let c = -12 - i. Suppose -2*g + y = -0*y - 111, -4*g + 220 = -4*y. What is the highest common divisor of c and g?
7
Let o = 12 - -9. Calculate the highest common factor of 168 and o.
21
Let i(v) = v**2 + 18*v - 39. Let n be i(-22). What is the highest common factor of 245 and n?
49
Suppose 0 = 2*t + 4, -2 = -2*b - 2*t + 2. Suppose f - 2 - b = 0. Let r be f/27 - (-43)/9. What is the greatest common factor of 25 and r?
5
Let d be (85/10 + -6)*16/10. What is the greatest common divisor of 6 and d?
2
Let m = -20 + 32. What is the greatest common divisor of m and 24?
12
Let o = 4 + -2. Suppose o*y + 12 = 6*y. Calculate the highest common factor of 12 and y.
3
Let l(z) = z**2 - z - 3. Let t be l(-4). Let n = t + -1. What is the highest common divisor of n and 16?
16
Let h(j) = j**2 - 4*j. Let c be h(4). Suppose t + 3*t - 8 = c. What is the greatest common factor of 2 and t?
2
Suppose 0 = 5*f + 2*y - 65, 4*f - 50 = -4*y + 2*y. Suppose -167 = -4*r + 633. Let z = r + -95. What is the greatest common factor of f and z?
15
Suppose -v - 5*y + 196 = v, -5*y - 392 = -4*v. Calculate the greatest common factor of 14 and v.
14
Let b(p) = 2*p + 6. Let c be b(8). What is the greatest common divisor of c and 55?
11
Let p = -17 + 15. Let l be 0 - p/(2/39). What is the highest common divisor of l and 26?
13
Suppose -4*l + 0*l + 460 = -3*f, 0 = -5*l + 4*f + 575. Let p = l + -20. What is the highest common divisor of p and 19?
19
Suppose 18 = 3*r - 4*x - 0, 0 = -2*r - 5*x - 11. What is the greatest common divisor of 18 and r?
2
Let d be (3 + (-119)/5)/((-3)/15). What is the highest common factor of d and 13?
13
Let c be 21/2 - 1/2. Let g be (-5)/c*0/(-1). Let q be (0 - -8) + (g - -2). What is the greatest common divisor of q and 10?
10
Let r be (-3)/1 + (-99)/(-9). Let b = 51 + -19. Calculate the highest common factor of b and r.
8
Let s be 1*-2 + 8/2. Let n(t) = -t + 4*t + s - 1. Let u be n(1). What is the highest common divisor of 4 and u?
4
Suppose 3*d + 104 = -5*p + 1150, p = -2. Calculate the greatest common factor of d and 32.
32
Suppose -3*b + 4 = -2. Let k = 1 - -3. Suppose -l - b*l = -5*v - 163, 284 = 5*l + k*v. What is the greatest common divisor of 8 and l?
8
Let t(o) = -o**2 - 6*o - 4. Let g be t(-3). What is the highest common factor of 1 and g?
1
Suppose -56 = 4*a - 0*a. Let s = a + 28. Let v(r) = r**3 + r**2 + 56. Let b be v(0). Calculate the highest common factor of s and b.
14
Let x(k) = -k - 16. Let c be x(-8). Let r = c + 41. Calculate the highest common factor of r and 22.
11
Suppose -47 = -h + 2*n + 3*n, 5*n = -h + 7. Let d(r) = r + 5. Let s be d(0). Suppose -2*p + s + 31 = 0. What is the greatest common factor of p and h?
9
Suppose -2*q + 188 = -18. Suppose g = f - 6*f + 97, -5*f + g + q = 0. Calculate the greatest common factor of f and 10.
10
Let b be (19/(-38))/((-1 + -1)/12). What is the highest common divisor of b and 1?
1
Let g be (9/(-6))/(5/(-250)). What is the greatest common divisor of g and 30?
15
Suppose -2*t + 10 = -0*t. Suppose 3*m + 2 = t*m. What is the highest common factor of 3 and m?
1
Let q(z) = z**3 - 6*z**2 + z + 3. Let l be q(3). Let k be 6/l - 3392/(-14). What is the highest common divisor of 22 and k?
22
Let z = 29 + -5. Suppose -19*a - 1260 = -4908. What is the highest common factor of a and z?
24
Suppose -2*t = 2*f - 64, 3*f - t = 3*t + 103. Let l be 1 - (0 + 0 + 3). Let n be 14 + l*9/6. Calculate the highest common divisor of f and n.
11
Let q = -10 + 16. Let r(t) = 2*t + 1. Let h be r(7). Calculate the highest common factor of q and h.
3
Suppose -2*l + 55 = -9. Suppose l + 2 = 2*g. Calculate the greatest common factor of 85 and g.
17
Let a(z) = -5*z + 42. Let g be a(7). What is the greatest common divisor of 56 and g?
7
Suppose -5*x = f - 15, 3*f - 4*x - 2 = f. What is the highest common factor of f and 25?
5
Let o(u) = u**3 + 6*u**2 - 17*u - 14. Let g be o(-6). What is the greatest common factor of g and 11?
11
Let d(q) = -q**2 + 4*q + 2. Let x be d(5). Let i be x/((-9)/6) - 1. Let o = 6 - 2. What is the greatest common factor of i and o?
1
Suppose -11 = -3*q - 2. Suppose q*l = -0*l. Suppose l = k - 6*k + 115. What is the highest common factor of 46 and k?
23
Suppose 3*n = 4*n - 30. What is the greatest common factor of n and 6?
6
Let u(s) = s**3 - 12*s**2 + 10*s + 14. Let q be u(11). Suppose -q*h + 16 = -h. Calculate the greatest common divisor of 8 and h.
8
Let v = 95 + -51. What is the greatest common factor of 4 and v?
4
Let z be (28/(-21))/(4/(-18)). Calculate the highest common divisor of z and 18.
6
Suppose 2*t + 3*n - 7 = 0, t - 4*t - 3*n = -9. Suppose t*s - 2*p = 106, -3*s + 161 = -2*p + p. What is the greatest common factor of s and 36?
18
Let x(m) = -m**3 + 9*m**2 - 6*m - 1. Let p be x(8). Let c(z) = 6*z**2 - z. Let r be c(1). Calculate the highest common factor of r and p.
5
Suppose -5*p = -41 + 11. Let r be 4/(-5)*(-135)/p. What is the greatest common divisor of r and 9?
9
Let j = 4 + -3. Let h be j + -4 + 2 + 5. Suppose 40 = h*w - 5*c, 0*c = -2*w - 2*c + 20. What is the greatest common factor of 40 and w?
10
Let q(c) = c**3 - 4*c**2 - c + 4. Let a be q(5). What is the highest common factor of 6 and a?
6
Let d(y) = 2*y**2 - 3*y - 3. Let r be d(4). What is the highest common divisor of 187 and r?
17
Let u(q) = 29*q**2 - q + 2. Let w be u(1). Calculate the greatest common factor of w and 75.
15
Let b(r) = 288*r. Let t be b(2). Suppose y = -4*s + t, -5*s + 720 = -0*s - 3*y. Calculate the greatest common factor of 16 and s.
16
Suppose -4*u = -0*u + 28. Suppose 3*b - b + m - 58 = 0, 2*m + 46 = 2*b. Let l = u + b. What is the greatest common divisor of l and 5?
5
Let f = 143 + -53. Suppose -i + u = 0, 3*u - u = i + 4. Suppose -31 + 175 = i*q. What is the greatest common divisor of q and f?
18
Let v = -3 + -5. Let n = v + 13. What is the highest common divisor of n and 2?
1
Suppose 2*p + 16 = l, -l + 2*p = 2*l - 56. What is the greatest common factor of l and 4?
4
Suppose 581 = 3*o + 14. Calculate the greatest common factor of o and 21.
21
Suppose 43 = k - 3*b, -2*k - 5*b + 211 = 81. Let p = -22 + k. Let a be p/12 - 2/(-8). Calculate the greatest common factor of a and 15.
3
Suppose 6*v = v - 5*l - 10, -5*v - 4*l - 5 = 0. Suppose -v*m + 0 = -72. Calculate the highest common divisor of 36 and m.
12
Let k be 2/(-9) + (-932)/18. Let y = 76 + k. Let t be (3/(-6))/((-2)/24). Calculate the greatest common factor of t and y.
6
Let j be 1*(-2 - (2 - 3)). Let k be -36*j/(-6)*-4. What is the greatest common factor of k and 36?
12
Let v be 39/13*(2 + 1 + 6). Calculate the highest common divisor of v and 9.
9
Suppose -210 = -4*t - t. Let j = -26 + t. What is the highest common divisor of 112 and j?
16
Let v(z) be the third derivative of -7*z**4/24 + 10*z**2. Let j be v(-1). What is the greatest common divisor of j and 49?
7
Let o = 9 - -3. Suppose -h + s + 41 = 0, -4*h - 240 = -9*h - 2*s. Let m be h/14 + (-2)/7. Calculate the greatest common factor of o and m.
3
Let w(h) = 4*h**2 + h + 1. Let q be w(-2). Let u(m) = -5*m + 33. Let n be u(6). What is the greatest common factor of q and n?
3
Suppose a + 5*i = 105, -148 = -2*a - 4*i + 56. Suppose 0 = 2*v - 4*v + 106. Let x = 93 - v. Calculate the greatest common divisor of a and x.
20
Let n(z) = z**3 - 10*z**2 - z + 22. Let h be n(10). Calculate the greatest common divisor of 30 and h.
6
Let o(f) = 4*f**2 - 4*f + 2. Let g be o(2). What is the greatest common divisor of g and 30?
10
Suppose 5*n = -2*h + 88, 4*h = n - 0*n. Let d = 103 + -39. Calculate the greatest common divisor of d and n.
16
Let o(c) = 2*c + 5. Let k be o(-4). Let z be (-87)/k + (-3 - -1). What is the greatest common divisor of z and 9?
9
Suppose 6*k = 3*k + 111. Suppose -3*c + 4*v = -k, -2*c + 13 = -2*v - 11. Calculate the highest common factor of 88 and c.
11
Let t be 1 + (-94)/(6/(-3)). Suppose -84 = -3*k - 0*k - 2*h, 0 = 2*k + 4*h - t. Calculate the greatest commo